s the remainder when 527 is divided by 28?
23
What is the remainder when 679 is divided by 9?
4
Calculate the remainder when 178 is divided by 30.
28
Calculate the remainder when 41 is divided by 34.
7
What is the remainder when 1933 is divided by 129?
127
What is the remainder when 611 is divided by 125?
111
What is the remainder when 185 is divided by 9?
5
Calculate the remainder when 127 is divided by 22.
17
What is the remainder when 186 is divided by 21?
18
Calculate the remainder when 118 is divided by 51.
16
What is the remainder when 238 is divided by 119?
0
What is the remainder when 345 is divided by 66?
15
Calculate the remainder when 3833 is divided by 6.
5
What is the remainder when 118 is divided by 31?
25
What is the remainder when 60 is divided by 29?
2
Calculate the remainder when 72 is divided by 17.
4
What is the remainder when 835 is divided by 406?
23
What is the remainder when 435 is divided by 55?
50
Calculate the remainder when 273 is divided by 25.
23
Calculate the remainder when 189 is divided by 24.
21
Calculate the remainder when 490 is divided by 41.
39
Calculate the remainder when 6174 is divided by 8.
6
Calculate the remainder when 494 is divided by 132.
98
What is the remainder when 403 is divided by 45?
43
Calculate the remainder when 51 is divided by 43.
8
Calculate the remainder when 660 is divided by 328.
4
What is the remainder when 2909 is divided by 10?
9
What is the remainder when 285 is divided by 149?
136
Calculate the remainder when 409 is divided by 36.
13
Calculate the remainder when 108 is divided by 77.
31
What is the remainder when 385 is divided by 30?
25
What is the remainder when 141 is divided by 36?
33
What is the remainder when 137 is divided by 64?
9
Calculate the remainder when 203 is divided by 15.
8
What is the remainder when 176 is divided by 65?
46
What is the remainder when 16 is divided by 11?
5
Calculate the remainder when 601 is divided by 194.
19
Calculate the remainder when 1143 is divided by 164.
159
Calculate the remainder when 122 is divided by 44.
34
Calculate the remainder when 183 is divided by 62.
59
Calculate the remainder when 263 is divided by 132.
131
Calculate the remainder when 52 is divided by 6.
4
Calculate the remainder when 1101 is divided by 38.
37
Calculate the remainder when 161 is divided by 152.
9
Calculate the remainder when 58 is divided by 12.
10
What is the remainder when 459 is divided by 49?
18
What is the remainder when 4546 is divided by 138?
130
What is the remainder when 180 is divided by 95?
85
What is the remainder when 1162 is divided by 1128?
34
What is the remainder when 485 is divided by 316?
169
What is the remainder when 173 is divided by 45?
38
Calculate the remainder when 650 is divided by 221.
208
What is the remainder when 521 is divided by 227?
67
What is the remainder when 166 is divided by 158?
8
Calculate the remainder when 585 is divided by 49.
46
Calculate the remainder when 51 is divided by 18.
15
Calculate the remainder when 662 is divided by 95.
92
What is the remainder when 137 is divided by 18?
11
What is the remainder when 1224 is divided by 81?
9
What is the remainder when 2401 is divided by 109?
3
Calculate the remainder when 2464 is divided by 60.
4
What is the remainder when 29 is divided by 10?
9
What is the remainder when 1678 is divided by 15?
13
What is the remainder when 130 is divided by 11?
9
Calculate the remainder when 324 is divided by 45.
9
What is the remainder when 57 is divided by 22?
13
What is the remainder when 14111 is divided by 32?
31
Calculate the remainder when 155 is divided by 28.
15
Calculate the remainder when 279 is divided by 26.
19
What is the remainder when 125 is divided by 43?
39
Calculate the remainder when 1709 is divided by 55.
4
What is the remainder when 409 is divided by 122?
43
What is the remainder when 1210 is divided by 27?
22
What is the remainder when 3667 is divided by 32?
19
Calculate the remainder when 141 is divided by 9.
6
What is the remainder when 530 is divided by 245?
40
Calculate the remainder when 392 is divided by 171.
50
What is the remainder when 213 is divided by 80?
53
Calculate the remainder when 773 is divided by 375.
23
Calculate the remainder when 103 is divided by 28.
19
Calculate the remainder when 42 is divided by 15.
12
Calculate the remainder when 213 is divided by 52.
5
What is the remainder when 3677 is divided by 34?
5
Calculate the remainder when 649 is divided by 130.
129
What is the remainder when 3482 is divided by 7?
3
What is the remainder when 183 is divided by 59?
6
What is the remainder when 355 is divided by 8?
3
Calculate the remainder when 37 is divided by 8.
5
What is the remainder when 794 is divided by 21?
17
Calculate the remainder when 101 is divided by 49.
3
What is the remainder when 14 is divided by 7?
0
Calculate the remainder when 235 is divided by 14.
11
What is the remainder when 240 is divided by 212?
28
Calculate the remainder when 51 is divided by 40.
11
What is the remainder when 683 is divided by 56?
11
What is the remainder when 9 is divided by 3?
0
What is the remainder when 1050 is divided by 13?
10
What is the remainder when 748 is divided by 74?
8
What is the remainder when 779 is divided by 78?
77
What is the remainder when 223 is divided by 140?
83
Calculate the remainder when 555 is divided by 112.
107
Calculate the remainder when 238 is divided by 12.
10
What is the remainder when 8487 is divided by 22?
17
Calculate the remainder when 256 is divided by 34.
18
What is the remainder when 200 is divided by 29?
26
Calculate the remainder when 2974 is divided by 25.
24
Calculate the remainder when 103 is divided by 13.
12
Calculate the remainder when 232 is divided by 61.
49
What is the remainder when 11674 is divided by 139?
137
What is the remainder when 4478 is divided by 83?
79
What is the remainder when 394 is divided by 128?
10
Calculate the remainder when 333 is divided by 48.
45
Calculate the remainder when 234 is divided by 20.
14
What is the remainder when 1215 is divided by 64?
63
Calculate the remainder when 189 is divided by 114.
75
What is the remainder when 5900 is divided by 3?
2
What is the remainder when 122 is divided by 19?
8
What is the remainder when 1052 is divided by 81?
80
Calculate the remainder when 700 is divided by 106.
64
What is the remainder when 147 is divided by 50?
47
Calculate the remainder when 400 is divided by 199.
2
What is the remainder when 110 is divided by 7?
5
What is the remainder when 24 is divided by 5?
4
Calculate the remainder when 22640 is divided by 17.
13
Calculate the remainder when 96 is divided by 34.
28
What is the remainder when 132 is divided by 17?
13
What is the remainder when 263 is divided by 250?
13
What is the remainder when 1685 is divided by 559?
8
What is the remainder when 18 is divided by 11?
7
What is the remainder when 305 is divided by 59?
10
What is the remainder when 2309 is divided by 63?
41
Calculate the remainder when 4898 is divided by 49.
47
What is the remainder when 1829 is divided by 39?
35
What is the remainder when 80 is divided by 65?
15
What is the remainder when 2787 is divided by 41?
40
Calculate the remainder when 142 is divided by 72.
70
What is the remainder when 149 is divided by 10?
9
Calculate the remainder when 516 is divided by 45.
21
Calculate the remainder when 189 is divided by 63.
0
What is the remainder when 169 is divided by 27?
7
Calculate the remainder when 499 is divided by 70.
9
Calculate the remainder when 483 is divided by 27.
24
What is the remainder when 510 is divided by 93?
45
Calculate the remainder when 611 is divided by 229.
153
Calculate the remainder when 4962 is divided by 26.
22
What is the remainder when 135 is divided by 57?
21
Calculate the remainder when 2544 is divided by 19.
17
What is the remainder when 213 is divided by 193?
20
Calculate the remainder when 498 is divided by 25.
23
Calculate the remainder when 97 is divided by 48.
1
Calculate the remainder when 249 is divided by 52.
41
Calculate the remainder when 736 is divided by 56.
8
What is the remainder when 988 is divided by 18?
16
Calculate the remainder when 638 is divided by 14.
8
What is the remainder when 79 is divided by 36?